.
5
Let d(i) = i**2 - 15*i + 3. Let n be d(15). Suppose 0 = -2*p - 6, -n*v + 2*p = -2*v - 36. Calculate the remainder when 115 is divided by v.
25
Let g be (0 + -3 - 0) + 5. Let u = g - 2. Suppose u = -3*s + x - 2*x + 16, 2*s - 15 = -5*x. What is the remainder when 14 is divided by s?
4
Let j = 107 + -103. Suppose -5*q - 105 = -3*t - 2*t, -q - 93 = -j*t. What is the remainder when 117 is divided by t?
21
Suppose 5*i + 27 - 2 = 0. Let l be i/((-2)/4 + 1). Let w = l - -14. Calculate the remainder when 7 is divided by w.
3
Suppose p = 3*p + 5*v - 3, -4*p = -5*v - 21. Suppose -g = -p*g + 129. Calculate the remainder when g is divided by (-53)/212*(0 + 2 + -46).
10
Let h = 13 - 65. Let b = h + 86. Calculate the remainder when b is divided by 9.
7
Let a = -343 + 653. Calculate the remainder when a is divided by 13.
11
Suppose 107 - 83 = y. Calculate the remainder when 1/(-4) - 746/(-8) is divided by y.
21
Let r(t) = -2*t**3 - 6*t**2 - 6*t - 23. Let h be 8/(-12)*-6 - 2 - 7. Calculate the remainder when r(h) is divided by 29.
20
Suppose -2*r + 11*r - 1305 = 0. Calculate the remainder when r is divided by 73.
72
Let d = -8 - -15. Calculate the remainder when d is divided by (-156)/(-13)*(-2)/(-6).
3
Let l(p) = 2*p**3 + 34*p**2 - 6*p + 26. What is the remainder when l(-17) is divided by 44?
40
Suppose 0 = -4*t + 3*n + 16, -6*n = -5*t - 4*n + 20. Calculate the remainder when 156 is divided by t.
0
Let k = -1483 + 1498. What is the remainder when 126 is divided by k?
6
Let f = -609 - -187. Let k = -279 - f. Calculate the remainder when k is divided by 12.
11
Suppose -q + 5*k = -0*q - 15, -2*k = -q + 21. Calculate the remainder when q is divided by 21.
4
Suppose -17*u - 5633 = -17499. What is the remainder when u is divided by 14?
12
Let o(w) = w**3 - w**2 + 12. Suppose 205 = 4*t - 5*l, -4*t = -12*l + 14*l - 170. What is the remainder when t is divided by o(0)?
9
Let s = 19 + -4. Suppose 111 + 5 = 4*q. Calculate the remainder when q is divided by s.
14
Suppose 4*r - 10 = -5*a, -4*a = -r - 1 - 7. Suppose 2*x - k = 41, -k = 3*x + a*k - 84. Suppose -9*b + 89 = -19. Calculate the remainder when x is divided by b.
11
Let s(h) = h**2 - 6*h + 7. Let l(f) = -11*f**2 + 3*f + 5. Let c be l(6). What is the remainder when (-4)/14 + c/(-7) is divided by s(7)?
11
Let l = -2283 - -2580. Calculate the remainder when l is divided by 86.
39
Let p be 7 + -7 + (-132)/(-2). Let q = 69 - p. Suppose -2*a = -7*a + 20. What is the remainder when a is divided by q?
1
Suppose 2*f = -i + 8, 4*i - 84 = -i + f. Suppose -2*s + 0*q - 3*q + 106 = 0, 4*s - q = 240. Calculate the remainder when s is divided by i.
11
Let b be 1/(-2) - (-255)/30. Suppose -30 = -b*x + 2. What is the remainder when x is divided by 2?
0
Let l be 31/((-1)/(3 + -2)). Let q = l + 43. Suppose -3*k + 4*w + 147 = 0, -3*k + 216 = 2*k + 3*w. Calculate the remainder when k is divided by q.
9
Let r = 88 - 150. Let n = 119 + r. What is the remainder when n is divided by 29?
28
Suppose 3*h - 6 + 3 = 0. Calculate the remainder when (-3 - -150)*(2/(-3) + h) is divided by 13.
10
Let j(i) = -2*i**3 - 75*i**2 - 36*i + 82. Calculate the remainder when j(-37) is divided by 28.
17
Suppose -4*u + 17 = -7. Calculate the remainder when (-188)/(-12) - 2/(-6) is divided by u.
4
Suppose -5*q - 2*t = -1, -2*q + 0*t + 8 = -3*t. What is the remainder when 28 is divided by q?
0
Let j(g) = -g**2 - 16*g + 12. Let m be j(-9). Let b = m - 40. What is the remainder when 69 is divided by b?
34
Let p = 971 + -821. What is the remainder when p is divided by 11?
7
Suppose -89 = -14*y + 331. Calculate the remainder when 58 is divided by y.
28
Suppose -46 = 2*w + 20. Suppose -5*f - x + 332 = 0, 3*x = -f + 6*f - 344. Calculate the remainder when f is divided by (-1255)/(-55) + (-6)/w.
21
Let n = -319 + 352. Calculate the remainder when n is divided by 7.
5
Suppose 2 = -7*u + 16. Suppose -2*m + u = -14. Calculate the remainder when 28 is divided by m.
4
Suppose 20*i = 657 + 83. Calculate the remainder when 270/2*(-4)/(-5) is divided by i.
34
Let g(y) = -y**2 + 5*y + 65. What is the remainder when 734 is divided by g(10)?
14
Suppose 5*a = 9*a - 24. Suppose u + 15 = a*u. What is the remainder when 82 is divided by 9/(-6)*(-56)/u?
26
What is the remainder when 2/(-3)*300/(-140)*70 is divided by 28?
16
Let k = 13 - 1. Suppose -3*x = -l - l + 10, 5*x = l - k. Suppose a - 91 = -b, -3*b = -l*b + 3*a - 99. Calculate the remainder when b is divided by 22.
21
Let r = 295 - 190. Calculate the remainder when r is divided by 37.
31
Suppose 10 = 2*v - 4*n, -2*n - 25 = -2*v - 3*v. Suppose -2 = a, -2*a + 45 = v*i + 3*a. What is the remainder when 27 is divided by i?
5
Suppose 3*n + 79 = 3*i + 28, n = 1. Calculate the remainder when i is divided by 15.
3
What is the remainder when 8 + 2124/(-270) + 18176/30 is divided by 155?
141
Calculate the remainder when 50 is divided by 18/4*(-156)/(-54).
11
Let h be (-549)/(-36) - 3/((-12)/(-1)). Let n = 0 + 0. Suppose m - h = -n*m. What is the remainder when 58 is divided by m?
13
Suppose 4*u + 3*g = 8*u - 61, 2*g + 45 = 3*u. What is the remainder when 803 is divided by u?
10
Let r(q) = q**3 + 3*q**2 - 9*q + 7. Calculate the remainder when 5 is divided by r(-5).
1
Suppose 3*z - 7*z = 5*f - 35, 2*f - 6 = 0. Suppose -w = -z*i + 77, -5*i - 2*w + 86 = -0*i. Calculate the remainder when 77 is divided by i.
13
Suppose 5*u - 379 - 76 = 0. Let h = u - 51. Let f = h - 27. What is the remainder when f is divided by 5?
3
Let q(g) = -g**2 + 25*g - 87. What is the remainder when 103 is divided by q(20)?
12
Suppose 2*r = 4*y - 114, -y = -5*y + 3*r + 119. Calculate the remainder when 40 is divided by y.
14
Let q(f) = f + 2. Let v(y) = 3*y - 11. Let m(g) = -20*q(g) + 5*v(g). What is the remainder when (-1 - 3)*(-2 - 5) is divided by m(-20)?
3
Let q = 29 - 11. Suppose 13*h + 0*h - 910 = 0. Suppose h = 11*u - u. What is the remainder when q is divided by u?
4
Suppose 5*s - 73 = -23. What is the remainder when 42 is divided by s?
2
Suppose -2*y - y = f - 5, 5*f - 25 = 4*y. Let m be (y - -59) + 4 + -5. Let o = -13 + m. What is the remainder when o is divided by 16?
13
Suppose 4*t + 4*r = 1440, -5*t + r + r + 1800 = 0. Calculate the remainder when t is divided by 61.
55
Suppose -4*s - 15 = -3, 2*s = 2*r - 50. What is the remainder when r is divided by 15?
7
Suppose -4*u + 72 = -5*q, -39 = 3*q - 51. What is the remainder when u is divided by 14?
9
Let v(s) = -2*s**2 - 50*s + 264. What is the remainder when v(-25) is divided by 38?
36
Let b = 0 - 0. Suppose b = 4*i - 9*i + 270. Calculate the remainder when i is divided by 9600/690 - (-4)/46.
12
Let s be (-3310)/25 + 6/(-10). Let w = -121 - s. What is the remainder when w is divided by 8?
4
Let g = 0 + 11. Suppose 0 = -f - 3*a + g + 4, 0 = -2*f - a + 25. What is the remainder when 12 is divided by 4*(2 - 3/f)?
5
Suppose l + 16 = -0*l. Let u(j) = j**2 + 34*j + 282. Let d be u(-20). What is the remainder when ((-22)/8)/(d/l) is divided by 6?
4
Suppose 4*n + 96 = 2*q, 6*n = -q + 2*n + 48. What is the remainder when 120 is divided by q?
24
Suppose 1 = -2*i + 5*n - 48, 2*n + 86 = -4*i. Let z = i - -27. Suppose -z*h - 20 = 0, -5*h + 5 = 5*o - 0. What is the remainder when 13 is divided by o?
3
Suppose 0 = 5*s - 151 - 129. What is the remainder when s is divided by 32?
24
Suppose t - 5*g - 76 = 0, 2*t = 5*g - 54 + 206. Suppose 40 = 6*h - 4*h. What is the remainder when t is divided by h?
16
Let o = 22 - 17. Let g(j) = j**3 + 7*j**2 + 5*j - 2. Let s be g(-6). Suppose -12 - s = -4*a. Calculate the remainder when o is divided by a.
1
Suppose -5*a = 3*b - 233, -4*b = -a - 250 - 30. Calculate the remainder when b is divided by 34.
3
Suppose 0 = 4*r - 4*w - 180, w - 90 = -2*r - 0*r. Calculate the remainder when r is divided by 4.
1
Suppose -5*b - 2*h = -205, -4*b + 3*h + 171 = 6*h. What is the remainder when b is divided by 39?
0
Suppose -8*f + 7*f + 31 = 0. Let g(k) = -k**2 - 11*k - 1. What is the remainder when f is divided by g(-9)?
14
Calculate the remainder when (-6)/(-51) + (0 - 2085/(-51)) is divided by 9.
5
Let l(a) = a**2 + 7*a + 43. Calculate the remainder when l(-6) is divided by 23.
14
Calculate the remainder when 10 + -1 + -4 - 59/(-1) is divided by 19.
7
Let g(p) = -8*p - 50. What is the remainder 